{"id":133,"date":"2018-03-17T16:45:52","date_gmt":"2018-03-17T15:45:52","guid":{"rendered":"http:\/\/parafia-radziszewo.pl\/?page_id=133"},"modified":"2022-03-31T22:50:28","modified_gmt":"2022-03-31T20:50:28","slug":"namaszczenie-chorych","status":"publish","type":"page","link":"http:\/\/parafia-radziszewo.pl\/?page_id=133","title":{"rendered":"Namaszczenie chorych"},"content":{"rendered":"<p><img loading=\"lazy\" decoding=\"async\" class=\" wp-image-179 alignleft\" src=\"http:\/\/parafia-radziszewo.pl\/wp-content\/uploads\/2018\/03\/Namaszczenie-300x247.jpg\" alt=\"\" width=\"237\" height=\"195\" srcset=\"http:\/\/parafia-radziszewo.pl\/wp-content\/uploads\/2018\/03\/Namaszczenie-300x247.jpg 300w, http:\/\/parafia-radziszewo.pl\/wp-content\/uploads\/2018\/03\/Namaszczenie-332x274.jpg 332w, http:\/\/parafia-radziszewo.pl\/wp-content\/uploads\/2018\/03\/Namaszczenie.jpg 461w\" sizes=\"auto, (max-width: 237px) 100vw, 237px\" \/><\/p>\n<p>&nbsp;<\/p>\n<p><span style=\"font-size: 14px; font-family: 'book antiqua', palatino, serif;\"><em>Choruje kto\u015b w\u015br\u00f3d was? Niech wezwie kap\u0142an\u00f3w Ko\u015bcio\u0142a i niech modl\u0105 si\u0119 nad nimi namaszczaj\u0105c go olejem w imi\u0119 Pa\u0144skie. Modlitwa p\u0142yn\u0105ca z wiary wybawi chorego i ul\u017cy im Pan. A je\u015bliby by\u0142 w grzechach, b\u0119d\u0105 mu odpuszczone<\/em><\/span><\/p>\n<p><span style=\"font-size: 14px; font-family: 'book antiqua', palatino, serif;\"><em>(Jk 5, 14-15)<\/em><\/span><\/p>\n<p style=\"text-align: left;\"><span style=\"font-family: 'book antiqua', palatino, serif;\"><strong><span style=\"font-size: 20px;\">Sakrament namaszczenia<\/span><\/strong>\u00a0\u00a0<span style=\"font-size: 14px;\">ko\u015bci\u00f3\u0142 wierzy i wyznaje, \u017ce w\u015br\u00f3d siedmiu sakrament\u00f3w istnieje jeden specjalnie przeznaczony do umocnienia os\u00f3b dotkni\u0119tych chorob\u0105 \u2013 sakrament namaszczenia chorych. Jest on jednym z sakrament\u00f3w uzdrowienia chrze\u015bcija\u0144skiego. Jest to sakrament, w kt\u00f3rym ci\u0119\u017cko chory otrzymuje przez namaszczenie olejem \u015bw. i modlitw\u0119 kap\u0142ana szczeg\u00f3lne \u0142aski, ulg\u0119 w cierpieniu, a niekiedy przywr\u00f3cenie zdrowia. Sakrament ten ma r\u00f3wnie\u017c moc g\u0142adzenia grzech\u00f3w.<\/span><\/span><\/p>\n<p><span style=\"font-size: 14px; font-family: 'book antiqua', palatino, serif;\"> Sakrament namaszczenia chorych zosta\u0142 ustanowiony przez Jezusa i potwierdzony s\u0142owami <em>&#8217;Duch Pa\u0144ski spoczywa na mnie nama\u015bci\u0142 mnie i pos\u0142a\u0142 mnie, abym ubogim ni\u00f3s\u0142 dobr\u0105 nowin\u0119, wi\u0119\u017aniom g\u0142osi\u0142 wolno\u015b\u0107, a niewidomym przejrzenie, abym uci\u015bnionych odsy\u0142a\u0142 wolnymi, abym obwo\u0142ywa\u0142 rak \u0142aski od Pana&#8217;<\/em> (\u0141k 4, 18)<\/span><\/p>\n<p><span style=\"font-size: 14px; font-family: 'book antiqua', palatino, serif;\"> W dokumentach Soboru Trydenckiego czytamy: <em>&#8217;Istot\u0105 jest \u0142aska Ducha \u015awi\u0119tego. Jego to namaszczenie usuwa winy, je\u015bli by\u0142yby jeszcze jakie\u015b do odpokutowania, oraz pozosta\u0142o\u015bci grzechu: przynosi ulg\u0119 i umocnienie duszy chorego, wzbudzaj\u0105c w nim wielk\u0105 ufno\u015b\u0107 w mi\u0142osierdzie Bo\u017ce. Chory podniesiony na duchu \u0142atwiej znosi dolegliwo\u015bci choroby i trudy, \u0142atwiej opiera si\u0119 pokusom szatana&#8230; a niekiedy odzyskuje zdrowie cia\u0142a, je\u015bli jest to po\u017cyteczne dla zbawienia duszy&#8217;<\/em><\/span><\/p>\n<p><span style=\"font-size: 14px; font-family: 'book antiqua', palatino, serif;\"> Chrystus w sakramencie namaszczenia daje swoim wiernym, dotkni\u0119tym chorob\u0105, pot\u0119\u017cn\u0105 pomoc i obron\u0119. Cz\u0142owiek chory potrzebuje szczeg\u00f3lnej \u0142aski Bo\u017cej, aby pod wp\u0142ywem l\u0119ku nie upad\u0142 na duchu i podlegaj\u0105c pokusom nie zachwia\u0142 si\u0119 w wierze.<\/span><\/p>\n<p><span style=\"font-size: 14px; font-family: 'book antiqua', palatino, serif;\"> <strong>Kto i kiedy mo\u017ce przyj\u0105\u0107 namaszczenie chorych<\/strong><\/span><br \/>\n<span style=\"font-size: 14px; font-family: 'book antiqua', palatino, serif;\"> Namaszczenie chorych nie jest sakramentem przeznaczonym tylko dla tych, kt\u00f3rzy znajduj\u0105 si\u0119 w ostatecznym niebezpiecze\u0144stwie utraty \u017cycia. Odpowiednia pora na przyj\u0119cie tego sakramentu jest ju\u017c w\u00f3wczas, gdy wierny znajdzie si\u0119 w niebezpiecze\u0144stwie na skutek choroby lub staro\u015bci. Sakrament ten mo\u017ce zosta\u0107 ponownie udzielony, je\u015bli chory po wyzdrowieniu znowu ci\u0119\u017cko zachoruje lub je\u015bli w czasie trwania tej samej choroby niebezpiecze\u0144stwo stanie si\u0119 powa\u017cniejsze. <\/span><br \/>\n<span style=\"font-size: 14px; font-family: 'book antiqua', palatino, serif;\"> Podstaw\u0105 do przyj\u0119cia sakramentu namaszczenia jest stan \u0142aski u\u015bwi\u0119caj\u0105cej (spowied\u017a i komunia \u015bw.).<\/span><\/p>\n<p><span style=\"font-size: 14px; font-family: 'book antiqua', palatino, serif;\"> Nie wolno udziela\u0107 namaszczenia chorych tym, kt\u00f3rzy uparcie trwaj\u0105 w jawnym grzechu ci\u0119\u017ckim, osobom niepraktykuj\u0105cym, nie wierz\u0105cym.<\/span><\/p>\n<p><span style=\"font-size: 14px; font-family: 'book antiqua', palatino, serif;\"> Sakramentu namaszczenia chorych mo\u017cna udzieli\u0107:<\/span><\/p>\n<ul style=\"text-align: left;\">\n<li><span style=\"font-size: 14px; font-family: 'book antiqua', palatino, serif;\">choremu przed operacj\u0105 chirurgiczn\u0105, je\u015bli przyczyn\u0105 operacji jest niebezpieczna choroba,<\/span><\/li>\n<li><span style=\"font-size: 14px; font-family: 'book antiqua', palatino, serif;\">osobie w podesz\u0142ym wieku, je\u015bli wida\u0107, \u017ce opuszczaj\u0105 j\u0105 si\u0142y fizyczne lub znajduje si\u0119 w kalectwie, niedo\u0142\u0119stwie. Osoba starsza mo\u017ce zawsze przyst\u0105pi\u0107 do tego sakramentu,<\/span><\/li>\n<li><span style=\"font-size: 14px; font-family: 'book antiqua', palatino, serif;\">dzieciom mo\u017cna udzieli\u0107 namaszczenia chorych je\u015bli osi\u0105gn\u0119\u0142y taki poziom umys\u0142owy, \u017ce ten sakrament mo\u017ce im przynie\u015b\u0107 pokrzepienie,<\/span><\/li>\n<li><span style=\"font-size: 14px; font-family: 'book antiqua', palatino, serif;\">choremu, kt\u00f3ry straci\u0142 przytomno\u015b\u0107 lub u\u017cywanie rozumu, je\u015bli istnieje prawdopodobie\u0144stwo, \u017ce jako wierz\u0105cy prosi\u0142by o to, gdyby by\u0142 przytomny. Wynika st\u0105d, \u017ce w zwyczajnej sytuacji ksi\u0105dz mo\u017ce udzieli\u0107 sakramentu tylko wtedy, gdy zna t\u0119 osob\u0119, kt\u00f3ra jest ju\u017c nieprzytomna, lub kto\u015b w spos\u00f3b odpowiedzialny m\u00f3g\u0142by za\u015bwiadczy\u0107, \u017ce jest to osoba ochrzczona, praktykuj\u0105ca i na pewno pragn\u0119\u0142aby przyj\u0105\u0107 sakramenty Ko\u015bcio\u0142a w niebezpiecze\u0144stwie \u015bmierci,<\/span><\/li>\n<li><span style=\"font-size: 14px; font-family: 'book antiqua', palatino, serif;\">w wielkim zgromadzeniu wiernych np. w czasie pielgrzymki, spotkania diecezjalnego, dni chorych dla danego miasta lub parafii, zjazdu stowarzysze\u0144 chorych jednak pod warunkiem odpowiedniego przygotowania duszpasterskiego chorych maj\u0105cych przyj\u0105\u0107 sakrament namaszczenia. W takim zgromadzeniu do sakramentu powinny przyst\u0105pi\u0107 tylko osoby powa\u017cnie chore, kalecy, inwalidzi, osoby starsze wcze\u015bniej jednak nale\u017cy da\u0107 im okazj\u0119 do spowiedzi \u015bwi\u0119tej.<\/span><\/li>\n<\/ul>\n<p style=\"text-align: left;\"><span style=\"font-size: 14px; font-family: 'book antiqua', palatino, serif;\"> Nigdy nie udziela si\u0119 sakramentu namaszczenia umar\u0142ym. Ksi\u0105dz wezwany do chorego, kt\u00f3ry ju\u017c umar\u0142, tylko modli si\u0119 za zmar\u0142ego aby uwolni\u0142 go od grzech\u00f3w i przyj\u0105\u0142 do swego Kr\u00f3lestwa. Je\u015bli istnieje powa\u017cna i uzasadniona w\u0105tpliwo\u015b\u0107, czy chory rzeczywi\u015bcie ju\u017c umar\u0142 mo\u017cna udzieli\u0107 mu sakramentu namaszczenia warunkowo.<\/span><\/p>\n<p><span style=\"font-size: 14px; font-family: 'book antiqua', palatino, serif;\"> Pacjenci przebywaj\u0105cy w szpitalu s\u0105 pod opiek\u0105 duszpastersk\u0105 ksi\u0119\u017cy kapelan\u00f3w, kt\u00f3rzy tak\u017ce mog\u0105 udzieli\u0107 tego sakramentu. Informacja o mo\u017cliwo\u015bci kontaktu z kapelanami jest zwykle dost\u0119pna na dy\u017curce piel\u0119gniarek na oddziale.<\/span><\/p>\n<p><span style=\"font-size: 14px; font-family: 'book antiqua', palatino, serif;\"> <strong>Kto mo\u017ce udziela\u0107 sakramentu<\/strong><\/span><br \/>\n<span style=\"font-size: 14px; font-family: 'book antiqua', palatino, serif;\"> W\u0142a\u015bciwym szafarzem namaszczenia chorych jest tylko sam kap\u0142an. Pos\u0142ug\u0119 t\u0119 zwyczajnie wykonuj\u0105 biskupi, proboszczowie oraz ich wsp\u00f3\u0142pracownicy, kap\u0142ani, kt\u00f3rym w szpitalach powierzona jest troska o chorych lub starc\u00f3w.<\/span><br \/>\n<span style=\"font-size: 14px; font-family: 'book antiqua', palatino, serif;\"> Sakramentu chorych udziela si\u0119 przez namaszczenie na czole i d\u0142oniach olejem po\u015bwi\u0119conym przez biskupa w Wielki Czwartek oraz przez wymawianie s\u0142\u00f3w: <strong><em>&#8217;Przez to \u015bwi\u0119te namaszczenie niech Pan w swoim niesko\u0144czonym mi\u0142osierdziu wspomo\u017ce ciebie \u0142ask\u0105 Ducha \u015awi\u0119tego. Pan, kt\u00f3ry odpuszcza ci grzechy, niech ci\u0119 wybawi i \u0142askawie pod\u017awignie&#8217;<\/em><\/strong>.<\/span><\/p>\n<p><span style=\"font-size: 14px; font-family: 'book antiqua', palatino, serif;\"> <strong>Przygotowanie do udzielenia sakramentu chorych<\/strong><\/span><br \/>\n<span style=\"font-size: 14px; font-family: 'book antiqua', palatino, serif;\"> Przed przyj\u015bciem kap\u0142ana nale\u017cy przygotowa\u0107 stolik przykryty bia\u0142ym obrusem, na kt\u00f3rym stawia si\u0119 zapalone \u015bwiece, krzy\u017c, ewentualnie wod\u0119 \u015bwi\u0119con\u0105. Na tak przygotowanym stoliku k\u0142adzie kap\u0142an Naj\u015bwi\u0119tszy Sakrament oraz oleje. Dobrze jest przygotowa\u0107 szklank\u0119 z wod\u0105 dla popicia Hostii przez chorego. W czasie udzielania sakramentu namaszczenia chorych powinni modli\u0107 si\u0119 wsp\u00f3lnie tak\u017ce domownicy. <\/span><br \/>\n<span style=\"font-size: 14px; font-family: 'book antiqua', palatino, serif;\"> Je\u017celi chory chce wyspowiada\u0107 si\u0119 z grzech\u00f3w, cz\u0142onkowie rodziny powinni wyj\u015b\u0107 z pokoju, ale dobrze by by\u0142o, gdyby po zako\u0144czeniu spowiedzi wr\u00f3cili i w\u0142\u0105czyli si\u0119 w dalsz\u0105 modlitw\u0119.<\/span><\/p>\n<p><span style=\"font-size: 14px; font-family: 'book antiqua', palatino, serif;\"> <strong>Co daje nam namaszczenie chorych<\/strong><\/span><br \/>\n<span style=\"font-size: 14px; font-family: 'book antiqua', palatino, serif;\"> Podobnie jak w ka\u017cdym sakramencie, r\u00f3wnie\u017c w namaszczeniu chorych, udzielana jest szczeg\u00f3lna \u0142aska Ducha \u015awi\u0119tego. Duch \u015awi\u0119ty umacnia chorego, obdarza go pokojem i odwag\u0105, by m\u00f3g\u0142 przezwyci\u0119\u017cy\u0107 i znie\u015b\u0107 wszystkie dolegliwo\u015bci zwi\u0105zane z chorob\u0105 lub staro\u015bci\u0105. Duch \u015awi\u0119ty daje choremu moc do przezwyci\u0119\u017cenia pokus z\u0142ego ducha i l\u0119ku przed \u015bmierci\u0105. Prowadzi do uzdrowienia duszy, a tak\u017ce uzdrowienia cia\u0142a, je\u015bli taka jest Bo\u017ca wola.<\/span><\/p>\n<p><span style=\"font-size: 14px; font-family: 'book antiqua', palatino, serif;\"> W sakramencie namaszczenia chorych cz\u0142owiek dost\u0119puje udzia\u0142u w zbawczej m\u0119ce i \u015bmierci Chrystusa. Ko\u015bci\u00f3\u0142 zach\u0119ca wszystkich cierpi\u0105cych, chorych i umieraj\u0105cych, aby \u015bwiadomie \u0142\u0105czyli si\u0119 z m\u0119k\u0105 i \u015bmierci\u0105 Chrystusa i w ten spos\u00f3b przysparzali dobra ca\u0142emu ludowi Bo\u017cemu, przyczyniaj\u0105c si\u0119 do jego zbawienia. Sakrament ten jest niejako konsekracj\u0105 chorego, aby przez swoje cierpienia skutecznie przyczynia\u0142 si\u0119 do zbawiania \u015bwiata oraz aby przez \u015bmier\u0107 sam wszed\u0142 do chwa\u0142y niebieskiej. <\/span><\/p>\n<p><span style=\"font-size: 14px; font-family: 'book antiqua', palatino, serif;\"> <strong>Jeste\u015bmy odpowiedzialni za wezwanie ksi\u0119dza do chorego, kt\u00f3ry o to poprosi. Zaniedbanie tego obowi\u0105zku obci\u0105\u017ca nasze sumienie. Tak samo gdy wiemy, \u017ce stan chorego jest ci\u0119\u017cki a mimo to zaniedbujemy ten obowi\u0105zek.<\/strong><\/span><\/p>\n<p><span style=\"font-size: 14px; font-family: 'book antiqua', palatino, serif;\"> Wi\u0119cej informacji nt. sakramentu namaszczenia chorych mo\u017cna uzyska\u0107 czytaj\u0105c:<\/span><\/p>\n<ul>\n<li><a class=\"UnderlineLink\" href=\"http:\/\/www.kkbids.episkopat.pl\/?id=240\" target=\"_blank\" rel=\"noopener noreferrer\">Instrukcj\u0119 Episkopatu Polski<\/a><\/li>\n<li><a href=\"http:\/\/parafia-radziszewo.pl\/wp-content\/uploads\/2018\/03\/Kodeks-Prawa-Kanonicznego.pdf\">Kodeks Prawa Kanonicznego<\/a><\/li>\n<\/ul>\n","protected":false},"excerpt":{"rendered":"<p>&nbsp; Choruje kto\u015b w\u015br\u00f3d was? Niech wezwie kap\u0142an\u00f3w Ko\u015bcio\u0142a i niech modl\u0105 si\u0119 nad nimi namaszczaj\u0105c go olejem w imi\u0119 Pa\u0144skie. Modlitwa p\u0142yn\u0105ca z wiary wybawi chorego i ul\u017cy im Pan. A je\u015bliby by\u0142 w grzechach, b\u0119d\u0105 mu odpuszczone (Jk 5, 14-15) Sakrament namaszczenia\u00a0\u00a0ko\u015bci\u00f3\u0142 wierzy i wyznaje, \u017ce w\u015br\u00f3d siedmiu &#8230;<\/p>\n","protected":false},"author":1,"featured_media":0,"parent":0,"menu_order":12,"comment_status":"closed","ping_status":"closed","template":"","meta":{"footnotes":""},"class_list":["post-133","page","type-page","status-publish","hentry","column","twocol"],"_links":{"self":[{"href":"http:\/\/parafia-radziszewo.pl\/index.php?rest_route=\/wp\/v2\/pages\/133","targetHints":{"allow":["GET"]}}],"collection":[{"href":"http:\/\/parafia-radziszewo.pl\/index.php?rest_route=\/wp\/v2\/pages"}],"about":[{"href":"http:\/\/parafia-radziszewo.pl\/index.php?rest_route=\/wp\/v2\/types\/page"}],"author":[{"embeddable":true,"href":"http:\/\/parafia-radziszewo.pl\/index.php?rest_route=\/wp\/v2\/users\/1"}],"replies":[{"embeddable":true,"href":"http:\/\/parafia-radziszewo.pl\/index.php?rest_route=%2Fwp%2Fv2%2Fcomments&post=133"}],"version-history":[{"count":8,"href":"http:\/\/parafia-radziszewo.pl\/index.php?rest_route=\/wp\/v2\/pages\/133\/revisions"}],"predecessor-version":[{"id":1650,"href":"http:\/\/parafia-radziszewo.pl\/index.php?rest_route=\/wp\/v2\/pages\/133\/revisions\/1650"}],"wp:attachment":[{"href":"http:\/\/parafia-radziszewo.pl\/index.php?rest_route=%2Fwp%2Fv2%2Fmedia&parent=133"}],"curies":[{"name":"wp","href":"https:\/\/api.w.org\/{rel}","templated":true}]}}