{"id":27,"date":"2017-12-21T19:09:17","date_gmt":"2017-12-21T18:09:17","guid":{"rendered":"http:\/\/serwer1618348.home.pl\/autoinstalator\/wordpress3\/?page_id=27"},"modified":"2025-11-16T20:52:57","modified_gmt":"2025-11-16T19:52:57","slug":"strona-glowna","status":"publish","type":"page","link":"http:\/\/parafia-radziszewo.pl\/","title":{"rendered":"Strona G\u0142\u00f3wna Parafii Radziszewo"},"content":{"rendered":"<p style=\"text-align: center;\"><img loading=\"lazy\" decoding=\"async\" class=\"size-full wp-image-13 alignnone\" src=\"http:\/\/parafia-radziszewo.pl\/wp-content\/uploads\/2017\/12\/flagaMaryjaFX.jpg\" alt=\"\" width=\"980\" height=\"350\" srcset=\"http:\/\/parafia-radziszewo.pl\/wp-content\/uploads\/2017\/12\/flagaMaryjaFX.jpg 980w, http:\/\/parafia-radziszewo.pl\/wp-content\/uploads\/2017\/12\/flagaMaryjaFX-300x107.jpg 300w, http:\/\/parafia-radziszewo.pl\/wp-content\/uploads\/2017\/12\/flagaMaryjaFX-768x274.jpg 768w\" sizes=\"auto, (max-width: 980px) 100vw, 980px\" \/><\/p>\n<p style=\"text-align: center;\"><span style=\"font-size: 20px;\"><strong><span style=\"font-family: 'book antiqua', palatino, serif;\">Witamy na stronie<\/span><\/strong><\/span><br \/>\n<span style=\"font-size: 20px;\"> <strong><span style=\"font-family: 'book antiqua', palatino, serif;\"> Parafii Rzymskokatolickiej<\/span><\/strong><\/span><br \/>\n<span style=\"font-size: 20px;\"> <strong><span style=\"font-family: 'book antiqua', palatino, serif;\"> p.w. Matki Bo\u017cej Kr\u00f3lowej Polski <\/span><\/strong><\/span><span style=\"font-size: 20px;\"><strong><span style=\"font-family: 'book antiqua', palatino, serif;\">w Radziszewie<\/span><\/strong><\/span><\/p>\n<h6 style=\"text-align: center;\"><span style=\"font-family: 'book antiqua', palatino, serif;\"><strong><span style=\"font-size: 20px; color: #ff0000;\">Radziszewo Sobota godz. 18:30<\/span><\/strong><\/span><\/h6>\n<h6 style=\"text-align: center;\"><span style=\"font-family: 'book antiqua', palatino, serif;\"><strong><span style=\"font-size: 20px; color: #ff0000;\">Radziszewo Niedziela godz. 8:30 i 13:00<\/span><\/strong><\/span><\/h6>\n<h6 style=\"text-align: center;\"><span style=\"font-size: 20px; font-family: 'book antiqua', palatino, serif;\"><span style=\"color: #000000;\"><strong><span style=\"color: #ff0000;\">Chlebowo Niedziela godz. 10:00 <\/span><\/strong><\/span><\/span><\/h6>\n<h6 style=\"text-align: center;\"><span style=\"font-size: 20px; font-family: 'book antiqua', palatino, serif;\"><span style=\"color: #000000;\"><strong><span style=\"color: #ff0000;\">Stare Brynki Niedziela godz. 11:00<\/span><\/strong><\/span><\/span><\/h6>\n<div><span style=\"font-size: 8px;\">.<\/span><\/div>\n<div style=\"text-align: center;\"><span style=\"font-size: 20px; color: #008000; font-family: georgia, palatino, serif;\"><strong>Pielgrzymki parafialne z Radziszewa<\/strong><\/span><\/div>\n<p style=\"text-align: center;\">Poni\u017cej linki do zapis\u00f3w na dwie pielgrzymki w 2026r. <strong>Lourdes i Katalonia<\/strong> oraz <strong>Sycylia i Malta<\/strong><\/p>\n<p style=\"text-align: left;\"><a href=\"https:\/\/grupy.misjatravel.pl\/?h=EKLSCC&amp;powrot=https%3A%2F%2Fgrupy.misjatravel.pl%2Fradziszewo\"><img loading=\"lazy\" decoding=\"async\" class=\"size-thumbnail wp-image-4014 alignleft\" src=\"http:\/\/parafia-radziszewo.pl\/wp-content\/uploads\/2025\/10\/P-lourdes-katalonia-0-150x150.jpg\" alt=\"\" width=\"150\" height=\"150\" srcset=\"http:\/\/parafia-radziszewo.pl\/wp-content\/uploads\/2025\/10\/P-lourdes-katalonia-0-150x150.jpg 150w, http:\/\/parafia-radziszewo.pl\/wp-content\/uploads\/2025\/10\/P-lourdes-katalonia-0-432x432.jpg 432w, http:\/\/parafia-radziszewo.pl\/wp-content\/uploads\/2025\/10\/P-lourdes-katalonia-0-268x268.jpg 268w\" sizes=\"auto, (max-width: 150px) 100vw, 150px\" \/><\/a><\/p>\n<div><\/div>\n<div><\/div>\n<div style=\"text-align: left;\"><span style=\"font-size: 20px; color: #0000ff;\"><strong><span style=\"text-decoration: underline;\"><a style=\"color: #0000ff; text-decoration: underline;\" href=\"https:\/\/grupy.misjatravel.pl\/?h=EKLSCC&amp;powrot=https%3A%2F%2Fgrupy.misjatravel.pl%2Fradziszewo\">Pielgrzymka do Lourdes i Katalonii\u00a0<\/a><\/span><\/strong><\/span><\/div>\n<div>w terminie 23.06.2026 &#8211; 30.06.2026<\/div>\n<div><\/div>\n<div><\/div>\n<div><\/div>\n<div><\/div>\n<div><\/div>\n<div><\/div>\n<p><a href=\"https:\/\/grupy.misjatravel.pl\/?h=TETH9Z&amp;powrot=https%3A%2F%2Fgrupy.misjatravel.pl%2Fradziszewo\"><img loading=\"lazy\" decoding=\"async\" class=\"size-thumbnail wp-image-4013 alignleft\" src=\"http:\/\/parafia-radziszewo.pl\/wp-content\/uploads\/2025\/10\/P-sycylia-5-150x150.jpg\" alt=\"\" width=\"150\" height=\"150\" srcset=\"http:\/\/parafia-radziszewo.pl\/wp-content\/uploads\/2025\/10\/P-sycylia-5-150x150.jpg 150w, http:\/\/parafia-radziszewo.pl\/wp-content\/uploads\/2025\/10\/P-sycylia-5-432x432.jpg 432w, http:\/\/parafia-radziszewo.pl\/wp-content\/uploads\/2025\/10\/P-sycylia-5-268x268.jpg 268w\" sizes=\"auto, (max-width: 150px) 100vw, 150px\" \/><\/a><\/p>\n<p>&nbsp;<\/p>\n<div><span style=\"font-size: 20px;\"><strong><span style=\"text-decoration: underline; color: #0000ff;\"><a style=\"color: #0000ff; text-decoration: underline;\" href=\"https:\/\/grupy.misjatravel.pl\/?h=TETH9Z&amp;powrot=https%3A%2F%2Fgrupy.misjatravel.pl%2Fradziszewo\">Pielgrzymka na Sycyli\u0119 i Malt\u0119 <\/a><\/span><\/strong><\/span><\/div>\n<div>w terminie 22.09.2026 &#8211; 02.10.2026<\/div>\n<div><span style=\"color: #ccffff;\">.<\/span><\/div>\n<div><span style=\"color: #ccffff;\">.<\/span><\/div>\n<div><span style=\"color: #ccffff;\">.<\/span><\/div>\n<div style=\"text-align: center;\"><\/div>\n<div><\/div>\n<div style=\"text-align: center;\"><strong><span style=\"font-family: verdana, geneva, sans-serif; font-size: 28px; color: #ff0000;\">* <span style=\"font-size: 24px;\">RELIKWIE \u015aWI\u0118TEJ RITY<\/span> *<\/span><\/strong><\/div>\n<div><a  href=\"http:\/\/parafia-radziszewo.pl\/wp-content\/uploads\/2025\/11\/sw.Rita-z-modlitwa.jpg\" data-rel=\"lightbox-gallery-0\" data-rl_title=\"\" data-rl_caption=\"\" title=\"\"><img loading=\"lazy\" decoding=\"async\" class=\"aligncenter wp-image-4095 size-medium\" src=\"http:\/\/parafia-radziszewo.pl\/wp-content\/uploads\/2025\/11\/sw.Rita-z-modlitwa-300x248.jpg\" alt=\"\" width=\"300\" height=\"248\" srcset=\"http:\/\/parafia-radziszewo.pl\/wp-content\/uploads\/2025\/11\/sw.Rita-z-modlitwa-300x248.jpg 300w, http:\/\/parafia-radziszewo.pl\/wp-content\/uploads\/2025\/11\/sw.Rita-z-modlitwa-768x635.jpg 768w, http:\/\/parafia-radziszewo.pl\/wp-content\/uploads\/2025\/11\/sw.Rita-z-modlitwa-700x578.jpg 700w, http:\/\/parafia-radziszewo.pl\/wp-content\/uploads\/2025\/11\/sw.Rita-z-modlitwa-332x274.jpg 332w, http:\/\/parafia-radziszewo.pl\/wp-content\/uploads\/2025\/11\/sw.Rita-z-modlitwa.jpg 1024w\" sizes=\"auto, (max-width: 300px) 100vw, 300px\" \/><\/a><\/div>\n<div style=\"text-align: center;\"><span style=\"font-family: 'book antiqua', palatino, serif; font-size: 20px;\">Serdecznie zapraszamy na uroczyste wprowadzenie i instalacje relikwii \u015aw. Rity do ko\u015bcio\u0142a Parafialnego w Radziszewie 09-12-2025r. (wtorek) o godzinie 18:00.<\/span><\/div>\n<div style=\"text-align: center;\"><span style=\"font-family: 'book antiqua', palatino, serif; font-size: 20px;\">*<\/span><\/div>\n","protected":false},"excerpt":{"rendered":"<p>Witamy na stronie Parafii Rzymskokatolickiej p.w. Matki Bo\u017cej Kr\u00f3lowej Polski w Radziszewie Radziszewo Sobota godz. 18:30 Radziszewo Niedziela godz. 8:30 i 13:00 Chlebowo Niedziela godz. 10:00 Stare Brynki Niedziela godz. 11:00 . Pielgrzymki parafialne z Radziszewa Poni\u017cej linki do zapis\u00f3w na dwie pielgrzymki w 2026r. Lourdes i Katalonia oraz Sycylia &#8230;<\/p>\n","protected":false},"author":1,"featured_media":0,"parent":0,"menu_order":2,"comment_status":"closed","ping_status":"closed","template":"","meta":{"footnotes":""},"class_list":["post-27","page","type-page","status-publish","hentry","column","twocol"],"_links":{"self":[{"href":"http:\/\/parafia-radziszewo.pl\/index.php?rest_route=\/wp\/v2\/pages\/27","targetHints":{"allow":["GET"]}}],"collection":[{"href":"http:\/\/parafia-radziszewo.pl\/index.php?rest_route=\/wp\/v2\/pages"}],"about":[{"href":"http:\/\/parafia-radziszewo.pl\/index.php?rest_route=\/wp\/v2\/types\/page"}],"author":[{"embeddable":true,"href":"http:\/\/parafia-radziszewo.pl\/index.php?rest_route=\/wp\/v2\/users\/1"}],"replies":[{"embeddable":true,"href":"http:\/\/parafia-radziszewo.pl\/index.php?rest_route=%2Fwp%2Fv2%2Fcomments&post=27"}],"version-history":[{"count":355,"href":"http:\/\/parafia-radziszewo.pl\/index.php?rest_route=\/wp\/v2\/pages\/27\/revisions"}],"predecessor-version":[{"id":4119,"href":"http:\/\/parafia-radziszewo.pl\/index.php?rest_route=\/wp\/v2\/pages\/27\/revisions\/4119"}],"wp:attachment":[{"href":"http:\/\/parafia-radziszewo.pl\/index.php?rest_route=%2Fwp%2Fv2%2Fmedia&parent=27"}],"curies":[{"name":"wp","href":"https:\/\/api.w.org\/{rel}","templated":true}]}}

Strona Główna Parafii Radziszewo

<p style="text-align: center;"><img loading="lazy" decoding="async" class="size-full wp-image-13 alignnone" src="http://parafia-radziszewo.pl/wp-content/uploads/2017/12/flagaMaryjaFX.jpg" alt="" width="980" height="350" srcset="http://parafia-radziszewo.pl/wp-content/uploads/2017/12/flagaMaryjaFX.jpg 980w, http://parafia-radziszewo.pl/wp-content/uploads/2017/12/flagaMaryjaFX-300x107.jpg 300w, http://parafia-radziszewo.pl/wp-content/uploads/2017/12/flagaMaryjaFX-768x274.jpg 768w" sizes="auto, (max-width: 980px) 100vw, 980px" /></p>
<p style="text-align: center;"><span style="font-size: 20px;"><strong><span style="font-family: 'book antiqua', palatino, serif;">Witamy na stronie</span></strong></span><br />
<span style="font-size: 20px;"> <strong><span style="font-family: 'book antiqua', palatino, serif;"> Parafii Rzymskokatolickiej</span></strong></span><br />
<span style="font-size: 20px;"> <strong><span style="font-family: 'book antiqua', palatino, serif;"> p.w. Matki Bożej Królowej Polski </span></strong></span><span style="font-size: 20px;"><strong><span style="font-family: 'book antiqua', palatino, serif;">w Radziszewie</span></strong></span></p>
<h6 style="text-align: center;"><span style="font-family: 'book antiqua', palatino, serif;"><strong><span style="font-size: 20px; color: #ff0000;">Radziszewo Sobota godz. 18:30</span></strong></span></h6>
<h6 style="text-align: center;"><span style="font-family: 'book antiqua', palatino, serif;"><strong><span style="font-size: 20px; color: #ff0000;">Radziszewo Niedziela godz. 8:30 i 13:00</span></strong></span></h6>
<h6 style="text-align: center;"><span style="font-size: 20px; font-family: 'book antiqua', palatino, serif;"><span style="color: #000000;"><strong><span style="color: #ff0000;">Chlebowo Niedziela godz. 10:00 </span></strong></span></span></h6>
<h6 style="text-align: center;"><span style="font-size: 20px; font-family: 'book antiqua', palatino, serif;"><span style="color: #000000;"><strong><span style="color: #ff0000;">Stare Brynki Niedziela godz. 11:00</span></strong></span></span></h6>
<div><span style="font-size: 8px;">.</span></div>
<div style="text-align: center;"><span style="font-size: 20px; color: #008000; font-family: georgia, palatino, serif;"><strong>Pielgrzymki parafialne z Radziszewa</strong></span></div>
<p style="text-align: center;">Poniżej linki do zapisów na dwie pielgrzymki w 2026r. <strong>Lourdes i Katalonia</strong> oraz <strong>Sycylia i Malta</strong></p>
<p style="text-align: left;"><a href="https://grupy.misjatravel.pl/?h=EKLSCC&amp;powrot=https%3A%2F%2Fgrupy.misjatravel.pl%2Fradziszewo"><img loading="lazy" decoding="async" class="size-thumbnail wp-image-4014 alignleft" src="http://parafia-radziszewo.pl/wp-content/uploads/2025/10/P-lourdes-katalonia-0-150x150.jpg" alt="" width="150" height="150" srcset="http://parafia-radziszewo.pl/wp-content/uploads/2025/10/P-lourdes-katalonia-0-150x150.jpg 150w, http://parafia-radziszewo.pl/wp-content/uploads/2025/10/P-lourdes-katalonia-0-432x432.jpg 432w, http://parafia-radziszewo.pl/wp-content/uploads/2025/10/P-lourdes-katalonia-0-268x268.jpg 268w" sizes="auto, (max-width: 150px) 100vw, 150px" /></a></p>
<div></div>
<div></div>
<div style="text-align: left;"><span style="font-size: 20px; color: #0000ff;"><strong><span style="text-decoration: underline;"><a style="color: #0000ff; text-decoration: underline;" href="https://grupy.misjatravel.pl/?h=EKLSCC&amp;powrot=https%3A%2F%2Fgrupy.misjatravel.pl%2Fradziszewo">Pielgrzymka do Lourdes i Katalonii </a></span></strong></span></div>
<div>w terminie 23.06.2026 &#8211; 30.06.2026</div>
<div></div>
<div></div>
<div></div>
<div></div>
<div></div>
<div></div>
<p><a href="https://grupy.misjatravel.pl/?h=TETH9Z&amp;powrot=https%3A%2F%2Fgrupy.misjatravel.pl%2Fradziszewo"><img loading="lazy" decoding="async" class="size-thumbnail wp-image-4013 alignleft" src="http://parafia-radziszewo.pl/wp-content/uploads/2025/10/P-sycylia-5-150x150.jpg" alt="" width="150" height="150" srcset="http://parafia-radziszewo.pl/wp-content/uploads/2025/10/P-sycylia-5-150x150.jpg 150w, http://parafia-radziszewo.pl/wp-content/uploads/2025/10/P-sycylia-5-432x432.jpg 432w, http://parafia-radziszewo.pl/wp-content/uploads/2025/10/P-sycylia-5-268x268.jpg 268w" sizes="auto, (max-width: 150px) 100vw, 150px" /></a></p>
<p>&nbsp;</p>
<div><span style="font-size: 20px;"><strong><span style="text-decoration: underline; color: #0000ff;"><a style="color: #0000ff; text-decoration: underline;" href="https://grupy.misjatravel.pl/?h=TETH9Z&amp;powrot=https%3A%2F%2Fgrupy.misjatravel.pl%2Fradziszewo">Pielgrzymka na Sycylię i Maltę </a></span></strong></span></div>
<div>w terminie 22.09.2026 &#8211; 02.10.2026</div>
<div><span style="color: #ccffff;">.</span></div>
<div><span style="color: #ccffff;">.</span></div>
<div><span style="color: #ccffff;">.</span></div>
<div style="text-align: center;"></div>
<div></div>
<div style="text-align: center;"><strong><span style="font-family: verdana, geneva, sans-serif; font-size: 28px; color: #ff0000;">* <span style="font-size: 24px;">RELIKWIE ŚWIĘTEJ RITY</span> *</span></strong></div>
<div><a  href="http://parafia-radziszewo.pl/wp-content/uploads/2025/11/sw.Rita-z-modlitwa.jpg" data-rel="lightbox-gallery-0" data-rl_title="" data-rl_caption="" title=""><img loading="lazy" decoding="async" class="aligncenter wp-image-4095 size-medium" src="http://parafia-radziszewo.pl/wp-content/uploads/2025/11/sw.Rita-z-modlitwa-300x248.jpg" alt="" width="300" height="248" srcset="http://parafia-radziszewo.pl/wp-content/uploads/2025/11/sw.Rita-z-modlitwa-300x248.jpg 300w, http://parafia-radziszewo.pl/wp-content/uploads/2025/11/sw.Rita-z-modlitwa-768x635.jpg 768w, http://parafia-radziszewo.pl/wp-content/uploads/2025/11/sw.Rita-z-modlitwa-700x578.jpg 700w, http://parafia-radziszewo.pl/wp-content/uploads/2025/11/sw.Rita-z-modlitwa-332x274.jpg 332w, http://parafia-radziszewo.pl/wp-content/uploads/2025/11/sw.Rita-z-modlitwa.jpg 1024w" sizes="auto, (max-width: 300px) 100vw, 300px" /></a></div>
<div style="text-align: center;"><span style="font-family: 'book antiqua', palatino, serif; font-size: 20px;">Serdecznie zapraszamy na uroczyste wprowadzenie i instalacje relikwii Św. Rity do kościoła Parafialnego w Radziszewie 09-12-2025r. (wtorek) o godzinie 18:00.</span></div>
<div style="text-align: center;"><span style="font-family: 'book antiqua', palatino, serif; font-size: 20px;">*</span></div>

<p>Witamy na stronie Parafii Rzymskokatolickiej p.w. Matki Bożej Królowej Polski w Radziszewie Radziszewo Sobota godz. 18:30 Radziszewo Niedziela godz. 8:30 i 13:00 Chlebowo Niedziela godz. 10:00 Stare Brynki Niedziela godz. 11:00 . Pielgrzymki parafialne z Radziszewa Poniżej linki do zapisów na dwie pielgrzymki w 2026r. Lourdes i Katalonia oraz Sycylia &#8230;</p>
