{"id":3366,"date":"2025-01-09T21:31:48","date_gmt":"2025-01-09T20:31:48","guid":{"rendered":"http:\/\/parafia-radziszewo.pl\/?page_id=3366"},"modified":"2026-02-26T21:23:03","modified_gmt":"2026-02-26T20:23:03","slug":"zmarli-2025r","status":"publish","type":"page","link":"http:\/\/parafia-radziszewo.pl\/?page_id=3366","title":{"rendered":"Zmarli 2025r."},"content":{"rendered":"<p><img loading=\"lazy\" decoding=\"async\" class=\"size-medium wp-image-2467 aligncenter\" src=\"http:\/\/parafia-radziszewo.pl\/wp-content\/uploads\/2022\/03\/S.P-00-300x109.jpg\" alt=\"\" width=\"300\" height=\"109\" srcset=\"http:\/\/parafia-radziszewo.pl\/wp-content\/uploads\/2022\/03\/S.P-00-300x109.jpg 300w, http:\/\/parafia-radziszewo.pl\/wp-content\/uploads\/2022\/03\/S.P-00-768x278.jpg 768w, http:\/\/parafia-radziszewo.pl\/wp-content\/uploads\/2022\/03\/S.P-00-700x254.jpg 700w, http:\/\/parafia-radziszewo.pl\/wp-content\/uploads\/2022\/03\/S.P-00-332x120.jpg 332w, http:\/\/parafia-radziszewo.pl\/wp-content\/uploads\/2022\/03\/S.P-00.jpg 850w\" sizes=\"auto, (max-width: 300px) 100vw, 300px\" \/><\/p>\n<p style=\"text-align: center;\"><span style=\"font-size: 24px;\"><strong><span style=\"font-family: 'book antiqua', palatino, serif;\">ODESZLI DO WIECZNO\u015aCI W ROKU PA\u0143SKIM 2025<\/span><\/strong><\/span><\/p>\n<div style=\"padding-left: 80px;\"><em><strong><span style=\"font-family: 'book antiqua', palatino, serif; font-size: 20px;\"><span style=\"color: #000000;\">1.\u00a0 \u00a0+ Krzysztof Pach<\/span><\/span><\/strong><\/em><\/div>\n<div style=\"padding-left: 80px;\"><em><strong><span style=\"font-family: 'book antiqua', palatino, serif; font-size: 20px;\"><span style=\"color: #000000;\">2.\u00a0 \u00a0+ Henryk Wujcik<\/span><\/span><\/strong><\/em><\/div>\n<div style=\"padding-left: 80px;\"><em><strong><span style=\"font-family: 'book antiqua', palatino, serif; font-size: 20px;\">3.\u00a0 \u00a0+ Bogdan Szalewicz<\/span><\/strong><\/em><\/div>\n<div style=\"padding-left: 80px;\"><em><strong><span style=\"font-family: 'book antiqua', palatino, serif; font-size: 20px;\">4.\u00a0 \u00a0+ Mieczys\u0142aw Krawczuk<\/span><\/strong><\/em><\/div>\n<div style=\"padding-left: 80px;\"><em><strong><span style=\"font-family: 'book antiqua', palatino, serif; font-size: 20px;\">5.\u00a0 \u00a0+ Adam Olbrych<\/span><\/strong><\/em><\/div>\n<div style=\"padding-left: 80px;\"><em><strong><span style=\"font-family: 'book antiqua', palatino, serif; font-size: 20px;\">6.\u00a0 \u00a0+ Zenona Ratajczak<\/span><\/strong><\/em><\/div>\n<div style=\"padding-left: 80px;\"><em><strong><span style=\"font-family: 'book antiqua', palatino, serif; font-size: 20px;\">7.\u00a0 \u00a0+ Bogus\u0142aw M\u0142ynarczak<\/span><\/strong><\/em><\/div>\n<div style=\"padding-left: 80px;\"><em><strong><span style=\"font-family: 'book antiqua', palatino, serif; font-size: 20px;\">8.\u00a0 \u00a0+ Wies\u0142awa Mazur<\/span><\/strong><\/em><\/div>\n<div>\n<div style=\"padding-left: 80px;\"><em><strong><span style=\"font-family: 'book antiqua', palatino, serif; font-size: 20px;\">9.\u00a0 \u00a0+ Bogdan Stera<\/span><\/strong><\/em><\/div>\n<div style=\"padding-left: 80px;\"><em><strong><span style=\"font-family: 'book antiqua', palatino, serif; font-size: 20px;\">10. + Jan S\u0142oboda<\/span><\/strong><\/em><\/div>\n<div>\n<div style=\"padding-left: 80px;\"><em><strong><span style=\"font-family: 'book antiqua', palatino, serif; font-size: 20px;\">11. + Mieczys\u0142aw W\u00f3jtowicz<\/span><\/strong><\/em><\/div>\n<div style=\"padding-left: 80px;\"><em><strong><span style=\"font-family: 'book antiqua', palatino, serif; font-size: 20px;\">12. + Maria Malinowicz<\/span><\/strong><\/em><\/div>\n<div>\n<div style=\"padding-left: 80px;\"><em><strong><span style=\"font-family: 'book antiqua', palatino, serif; font-size: 20px;\">13. + Anna Rakowska<\/span><\/strong><\/em><\/div>\n<div style=\"padding-left: 80px;\"><em><strong><span style=\"font-family: 'book antiqua', palatino, serif; font-size: 20px;\">14. + Lidia Klepacka<\/span><\/strong><\/em><\/div>\n<div>\n<div style=\"padding-left: 80px;\"><em><strong><span style=\"font-family: 'book antiqua', palatino, serif; font-size: 20px;\">15. + Alicja B\u0142och<\/span><\/strong><\/em><\/div>\n<div style=\"padding-left: 80px;\"><em><strong><span style=\"font-family: 'book antiqua', palatino, serif; font-size: 20px;\">16. + Bogdan Uhle<\/span><\/strong><\/em><\/div>\n<div>\n<div style=\"padding-left: 80px;\"><em><strong><span style=\"font-family: 'book antiqua', palatino, serif; font-size: 20px;\">17. + Stanis\u0142awa Zdunowska<\/span><\/strong><\/em><\/div>\n<div style=\"padding-left: 80px;\"><em><strong><span style=\"font-family: 'book antiqua', palatino, serif; font-size: 20px;\">18. + Danuta Szczepankiewicz<\/span><\/strong><\/em><\/div>\n<div>\n<div style=\"padding-left: 80px;\"><em><strong><span style=\"font-family: 'book antiqua', palatino, serif; font-size: 20px;\">19. + Eugeniusz Ga\u0142ek<\/span><\/strong><\/em><\/div>\n<div style=\"padding-left: 80px;\"><em><strong><span style=\"font-family: 'book antiqua', palatino, serif; font-size: 20px;\">20. + Lech Remiszewski<\/span><\/strong><\/em><\/div>\n<div>\n<div style=\"padding-left: 80px;\"><em><strong><span style=\"font-family: 'book antiqua', palatino, serif; font-size: 20px;\">21. + Jan Grabowski<\/span><\/strong><\/em><\/div>\n<div>\n<div style=\"padding-left: 80px;\"><em style=\"font-size: 8px;\"><span style=\"font-family: 'book antiqua', palatino, serif;\">.<\/span><\/em><\/div>\n<\/div>\n<\/div>\n<\/div>\n<\/div>\n<\/div>\n<\/div>\n<\/div>\n<\/div>\n<div style=\"text-align: center;\"><span style=\"font-family: 'book antiqua', palatino, serif; font-size: 20px;\"><em>Dobry Jezu, a nasz Panie, daj im wieczne spoczywanie!<\/em><\/span><\/div>\n<div><span style=\"color: #e6e6e6;\">.<\/span><\/div>\n<div style=\"text-align: center;\"><span style=\"font-family: 'book antiqua', palatino, serif; font-size: 20px;\"><em>Wieczny odpoczynek racz im da\u0107 Panie,<\/em><\/span><\/div>\n<div style=\"text-align: center;\"><span style=\"font-family: 'book antiqua', palatino, serif; font-size: 20px;\"><em>a \u015bwiat\u0142o\u015b\u0107 wiekuista niechaj im \u015bwieci. Amen<\/em><\/span><\/div>\n<div style=\"text-align: center;\"><span style=\"font-family: 'book antiqua', palatino, serif; font-size: 12px;\">Pami\u0119tajmy, \u017ce po pogrzebie o zmar\u0142ych nale\u017cy pami\u0119ta\u0107, otaczaj\u0105c ich modlitewn\u0105 i pami\u0119ci\u0105.<\/span><\/div>\n<div><img loading=\"lazy\" decoding=\"async\" class=\"size-medium wp-image-2493 aligncenter\" src=\"http:\/\/parafia-radziszewo.pl\/wp-content\/uploads\/2022\/03\/grafika-pogrz-300x111.jpg\" alt=\"\" width=\"300\" height=\"111\" srcset=\"http:\/\/parafia-radziszewo.pl\/wp-content\/uploads\/2022\/03\/grafika-pogrz-300x111.jpg 300w, http:\/\/parafia-radziszewo.pl\/wp-content\/uploads\/2022\/03\/grafika-pogrz-768x285.jpg 768w, http:\/\/parafia-radziszewo.pl\/wp-content\/uploads\/2022\/03\/grafika-pogrz-700x260.jpg 700w, http:\/\/parafia-radziszewo.pl\/wp-content\/uploads\/2022\/03\/grafika-pogrz-332x123.jpg 332w, http:\/\/parafia-radziszewo.pl\/wp-content\/uploads\/2022\/03\/grafika-pogrz.jpg 971w\" sizes=\"auto, (max-width: 300px) 100vw, 300px\" \/><\/div>\n","protected":false},"excerpt":{"rendered":"<p>ODESZLI DO WIECZNO\u015aCI W ROKU PA\u0143SKIM 2025 1.\u00a0 \u00a0+ Krzysztof Pach 2.\u00a0 \u00a0+ Henryk Wujcik 3.\u00a0 \u00a0+ Bogdan Szalewicz 4.\u00a0 \u00a0+ Mieczys\u0142aw Krawczuk 5.\u00a0 \u00a0+ Adam Olbrych 6.\u00a0 \u00a0+ Zenona Ratajczak 7.\u00a0 \u00a0+ Bogus\u0142aw M\u0142ynarczak 8.\u00a0 \u00a0+ Wies\u0142awa Mazur 9.\u00a0 \u00a0+ Bogdan Stera 10. + Jan S\u0142oboda 11. + Mieczys\u0142aw &#8230;<\/p>\n","protected":false},"author":1,"featured_media":0,"parent":0,"menu_order":21,"comment_status":"closed","ping_status":"closed","template":"","meta":{"footnotes":""},"class_list":["post-3366","page","type-page","status-publish","hentry","column","twocol"],"_links":{"self":[{"href":"http:\/\/parafia-radziszewo.pl\/index.php?rest_route=\/wp\/v2\/pages\/3366","targetHints":{"allow":["GET"]}}],"collection":[{"href":"http:\/\/parafia-radziszewo.pl\/index.php?rest_route=\/wp\/v2\/pages"}],"about":[{"href":"http:\/\/parafia-radziszewo.pl\/index.php?rest_route=\/wp\/v2\/types\/page"}],"author":[{"embeddable":true,"href":"http:\/\/parafia-radziszewo.pl\/index.php?rest_route=\/wp\/v2\/users\/1"}],"replies":[{"embeddable":true,"href":"http:\/\/parafia-radziszewo.pl\/index.php?rest_route=%2Fwp%2Fv2%2Fcomments&post=3366"}],"version-history":[{"count":13,"href":"http:\/\/parafia-radziszewo.pl\/index.php?rest_route=\/wp\/v2\/pages\/3366\/revisions"}],"predecessor-version":[{"id":4191,"href":"http:\/\/parafia-radziszewo.pl\/index.php?rest_route=\/wp\/v2\/pages\/3366\/revisions\/4191"}],"wp:attachment":[{"href":"http:\/\/parafia-radziszewo.pl\/index.php?rest_route=%2Fwp%2Fv2%2Fmedia&parent=3366"}],"curies":[{"name":"wp","href":"https:\/\/api.w.org\/{rel}","templated":true}]}}